 f(x) = -6*x**3 - 5 + 0 + 5*x**3 - 6*x**2 - 5*x. What is f(p)?
-5
Let g(m) = m**2 + 5*m - 1. Suppose -2*h + 3*q = 0, 0*h - 2*h = 4*q. Suppose h = -i + 6 - 10. Determine g(i).
-5
Let m(h) = h**2 - 12*h + 10. Let o(d) = 2*d**2 - 26*d + 22. Let g(q) = 9*m(q) - 4*o(q). Let c = -4 + 8. Determine g(c).
2
Let f(z) = z**2 - 18*z + 22. Let j be f(17). Suppose -j*t = -5*y, -4*t + 3*t = 2*y - 6. Let i(g) = -3*g**2 + 3*g - 2. What is i(y)?
-8
Let o(a) = 3*a**3 - 8*a**2 - a + 20. Let d(v) = v**3 - 4*v**2 + 10. Let g(c) = -5*d(c) + 2*o(c). Let r be g(-3). Let s(f) = -f + 9. Calculate s(r).
4
Suppose -p = -5*p + 5*w - 5, 5*p - 5*w = 0. Let m(t) = 4*t + t**2 + p - 3*t - t**3 - 2*t. Let r = -57 + 57. What is m(r)?
5
Let h(j) = -3*j + 2. Let x = -985 + 993. Calculate h(x).
-22
Let p be -6*(-6)/9 - (7 + -5). Let o be 4/(-6)*(-6)/4. Let i(h) = -2*h - o + 2 - h. Determine i(p).
-5
Suppose 16*d + 8 = 20*d. Let o(f) = -3*f + 1 - 3*f + 5*f**2 + 2*f - 4*f**d. Give o(5).
6
Let p(r) = 4*r + 7. Suppose -19*c = -4*c + 30. Give p(c).
-1
Let z(q) be the second derivative of -q**3/3 - 3*q**2/2 - 172*q. Determine z(-1).
-1
Let j(i) be the first derivative of -1 + 2*i - 3*i + 2*i**3 + 0. Let g = -633 - -634. Calculate j(g).
5
Let m(l) = -l - 8. Let c(j) = -2*j**2 - 16*j + 29. Let p be c(2). Determine m(p).
3
Let t(n) = -2*n - 5. Suppose 3*j + 2*k + 0 = 8, 4*k - 16 = 0. Suppose 8*h + 24 + 16 = j. What is t(h)?
5
Let y = 41 - 48. Let p = 11 - 6. Let i(m) = 2*m - 2*m + 0*m - m - p. Calculate i(y).
2
Let l(u) = u**3 - 7*u**2 + 6*u - 8. Let m(c) = -2*c - 19. Let r be m(-12). Suppose -35 = -r*t + 5*z, z = 3*t - 0*z - 19. Give l(t).
-8
Let u = 26 + -20. Suppose -18 = -4*p + u. Let q(s) = 2*s + 1 - p*s + 6*s. What is q(6)?
13
Let j(y) = -24*y + 13*y + 7*y + 2*y + 3*y. Calculate j(-7).
-7
Let z(v) = -v**3 + v**2 + v + 1. Let j(r) = -5*r + 79. Let w be j(16). Determine z(w).
2
Let t(d) = d**3 - 5*d**2 - 5*d + 1. Suppose 4*l + 26 = g, -5*l + 1 = 26. Calculate t(g).
7
Let f(m) = -m**2 + m - 5. Let x(i) = -7*i + 15. Let g(v) = -f(v) + x(v). Give g(3).
5
Let r(o) = 3*o + 2. Let l(x) = 2*x + 5. Let g(j) = 3*l(j) - 7*r(j). Determine g(1).
-14
Let o(w) be the third derivative of w**8/20160 - w**7/5040 - w**6/90 + 13*w**5/20 - 47*w**2. Let n(l) be the third derivative of o(l). Give n(0).
-8
Suppose 2*r = -2*b + 30, 0*r + 8 = -2*r. Let s = b - 18. Let c(w) = -7*w + 1. Let f(u) = u. Let q(i) = c(i) + 6*f(i). Determine q(s).
0
Let j(v) = -2*v**2 + 42*v - 34. Suppose 0 = 4*l + 2*a - 30 - 48, 0 = -3*l + 2*a + 62. Determine j(l).
6
Suppose -24 + 12 = -6*l. Let b(f) be the first derivative of l*f - 1/2*f**2 + 13. Give b(-4).
6
Let c(z) = -z + 5. Let f(s) = 2*s - 10. Let p(y) = -5*c(y) - 3*f(y). Give p(-7).
12
Let b(s) = s**3 - 6*s**2 + 6*s - 5. Suppose 9 = w + 2*q, 5*w + q + 0*q - 27 = 0. Calculate b(w).
0
Let v(k) = -k**3 + 17*k**2 + 19*k - 16. Let w be v(18). Let p(d) = -29*d**2 + 60*d**w - 3 - 28*d**2. Give p(-3).
24
Let l(s) = 6*s + 16. Let f(u) = 11*u + 32. Let n(c) = 4*f(c) - 7*l(c). Let y be n(-12). Let v(m) = m + 5. Calculate v(y).
-3
Let z be -38*5/(-40) + (-2)/(-8). Let n(g) = -g**3 + 4*g**2 + 6*g - 2. Determine n(z).
3
Let p be 3/(-6)*52/(-2). Let c(h) = h - 10. Calculate c(p).
3
Let t(y) be the third derivative of y**5/30 + y**4/24 - 7*y**3/6 - 481*y**2. What is t(0)?
-7
Let d(a) = -a**2 + 2*a**3 - 17 + a + 14 - 5 - 12 - 3*a**3. Give d(0).
-20
Suppose -4*x + 9*x = 35. Let q(b) = x - 16 + b + 0 + 2. Suppose -a + 4*a = 0. Give q(a).
-7
Let y(u) be the second derivative of -u**3/3 + 2*u**2 + 51*u. Give y(5).
-6
Let b(i) = -i**3 + 29*i**2 - 80*i + 44. Let z be b(26). Let t(v) = v**3 + 9*v**2 + 8*v - 5. Calculate t(z).
-5
Let j(n) = 3*n - 96. Let s be j(33). Let v(t) be the third derivative of 0*t - 4*t**2 + 1/24*t**4 + 0 - 1/3*t**s. Give v(3).
1
Let h(c) = c. Let n(l) = 8*l**2 + 4*l + 3. Let a be n(-1). Let t = 0 - a. What is h(t)?
-7
Let i(k) = -80 + 11 - 6*k**3 + 69. Calculate i(1).
-6
Let b(c) = -c**2 - 2*c + 5. Let k be b(-3). Suppose 0 = -7*a + k*a. Let x = a - -2. Let v(q) = q**3 - 4*q**2 - 3*q + 3. Give v(x).
-11
Let u(v) be the third derivative of -v**8/6720 - v**7/2520 + v**5/12 + 5*v**4/6 - 3*v**2. Let r(c) be the second derivative of u(c). Determine r(0).
10
Let d(y) = y**3 - 4*y**2 - 2*y - 10. Suppose 68*h - 32*h - 216 = 0. Determine d(h).
50
Let d(o) = -o**3 - o**2 + 7*o - 5. Let f(b) = -2*b**3 - 2*b**2 + 13*b - 8. Let z(v) = -5*d(v) + 3*f(v). What is z(-3)?
7
Let t(s) = -s**3 - 4*s**2 + 3*s - 3. Let v be -2 - -11 - (0 + -4). Suppose 5 = 3*k - v. Let n(z) = z**3 - 7*z**2 + 5*z + 1. Let r be n(k). Calculate t(r).
7
Let w(t) be the first derivative of t**3/3 - 3*t**2 + 3*t - 46. What is w(9)?
30
Let b(h) = -15*h + 6. Let y(c) = 13*c - 7. Let r(s) = 5*b(s) + 6*y(s). Determine r(8).
12
Let m(b) = -2*b**3 - 5*b**3 + 5*b**3 + 5*b**2 + 4*b - 2 + 3 - 6*b**2. What is m(-2)?
5
Let t(x) = 19*x**2 - 96*x + 12. Let o be t(5). Let m(p) = -p**2 + 3*p - 3. What is m(o)?
-31
Suppose -540 = -0*t + 5*t. Let l be t/14 + (-2)/28*4. Let r(j) = j**3 + 9*j**2 + 8*j - 4. Give r(l).
-4
Let m(x) be the first derivative of 6*x**2 - x + 2. Let f be 8*(3 - 33/12). Suppose -8*h = -10*h + f. Determine m(h).
11
Let k(w) = w**3 + w**2 + w - 33. Suppose -361*u + 370*u = 0. What is k(u)?
-33
Let v(t) = -9*t**3 + t**2 - t. Let o(c) = c + 29. Let d be o(9). Let k = d + -37. What is v(k)?
-9
Let h(k) = 3*k - 1. Let z be (13 + -12 - 2)/(1/5). Give h(z).
-16
Let i be 0 - 9 - (-19 - -16). Let t(u) = -2*u - 5. Let s(j) = -4*j - 10. Let g = -45 - -32. Let l(w) = g*t(w) + 6*s(w). What is l(i)?
-7
Let w(y) be the first derivative of y**3/3 + 3*y**2 - 8*y + 78. Let t(u) = 8*u + 1. Let f be t(-1). Calculate w(f).
-1
Let s(y) be the third derivative of 3/2*y**3 + 0*y - 1/24*y**4 + 0 - 9*y**2. What is s(0)?
9
Let o(p) = -p**3 + 4*p**2 - p + 1. Let b be (6 - 4) + 2 + -2. Suppose 0 = -2*s + i + 6, -4*s + 16 = -i + b. Give o(s).
-3
Let n(v) be the third derivative of -v**5/20 - v**4/24 - 2*v**3/3 + 169*v**2 - 1. Determine n(-2).
-14
Let x(w) = -5*w**3 + 2*w**2 + 3*w + 2. Suppose 2*u + 2*o + 7 = -3*o, 4*o = 4*u. Calculate x(u).
6
Let q be (8/28)/((-2)/(-14)). Suppose -5*z + 85 = -4*l, 5*z - 119 = -q*l - 34. Suppose -2*f + z = -5*i, f - 3*i - 15 = -f. Let o(d) = 2*d - 7. Determine o(f).
5
Let b(r) be the third derivative of -r**5/30 + 17*r**4/24 - 10*r**3/3 - 437*r**2. What is b(8)?
-12
Let h(b) = 645 - 656 + 4*b - 5*b. Let x(r) be the first derivative of r**2/2 + 11*r + 2. Let c(f) = -3*h(f) - 4*x(f). Give c(-6).
-5
Suppose -5*d - 5 = -55. Let c(r) = r**3 + 17 + 7*r**2 - d - 8. Calculate c(-7).
-1
Let i = 640 + -638. Let a(r) = 4*r**2 + r + 1. What is a(i)?
19
Let i(r) = -r**2 - 2*r. Suppose -8*u = 6*u - 210. Suppose 2*t - u = 5*b - 3*t, 2*b - 5*t = -21. Give i(b).
-8
Let p = 3 - -2. Let j(z) = -5*z**2 + 7*z + 3. Let l(v) = 4*v**2 - 6*v - 3. Let d(o) = 3*j(o) + 4*l(o). Calculate d(p).
7
Let r(o) = 6*o + 4*o - 2 + o**2 + 7 - 3*o**3 - 4*o. Let d(t) = -4 + 3 + t - 3*t + t. Let i(a) = 5*d(a) + r(a). What is i(-1)?
3
Let u(i) = -i**2 + i. Let y be -2 - -4 - -1*4. Suppose 0 = y*o - 6 - 12. Give u(o).
-6
Let x(i) = i - i + 2*i + 55 - 83 + i. Calculate x(12).
8
Let c be 2 + -4 + 2*6. Let l = -16 + c. Let u(j) = 2*j + 35. Let a(n) = n + 16. Let k(w) = 13*a(w) - 6*u(w). What is k(l)?
-8
Let s(x) = -4*x**3 + 89*x - 88*x + 2 + x**2 - 2. Give s(2).
-26
Let f = -7 - -1. Let n be 2 + f*(-1)/(-2). Let s(i) = -3*i - 3. Let y(m) = -2*m - 4. Let v(j) = 4*s(j) - 3*y(j). Give v(n).
6
Suppose 5 = -2*o - 1. Let n(z) = 8*z - 55. Let p(a) = -3*a + 20. Let x(w) = -4*n(w) - 11*p(w). Calculate x(o).
-3
Suppose w - 14 = -t, 3*t - 5*w - 1 - 1 = 0. Let c be ((-2)/(-6))/((-1)/t). Let q(u) = -3*u + 4. Calculate q(c).
13
Let j be (-1 + 4/2)*-39. Suppose 3*l - t = 99, -7*t = -8*t. Let s = j + l. Let d(k) = k**3 + 5*k**2 - 9*k - 7. Calculate d(s).
11
Let f(x) be the second derivative of -x**3/3 - 3*x**2 - 3*x. Let k be (-40 + 0)/(-4) - 0. Suppose -15*u = -k*u + 30. Calculate f(u).
6
Let k(q) = -q - 33. Let z be k(-20). Let b(o) = o**2 + 12*o - 5. What is b(z)?
8
Let k(c) = 11*c - 5. Let a(j) = -43*j + 22. Let l(d) = 2*a(d) + 9*k(d). Determine l(-1).
-14
Let x = -68 + 50. Let a be 76/x + (-4)/(-18). Let t(j) = -j**2 - 3*j + 4. What is t(a)?
0
Let f be (1 + -3 + 0)*